. Suppose w = -3*k + 77, 0 = -2*w + 4*w - 4*k - a. What are the prime factors of w?
2, 17
Let m(w) = 2*w**2 + 3*w - 3. Let l be m(2). Let c = l + 58. Suppose 5*b - c = -3*a, a + 0 - 3 = 5*b. What are the prime factors of a?
2, 3
Let l(r) = 6*r + 5. Let f be l(-7). Let q = f + 42. List the prime factors of 2 - (-88 - (-20)/q).
2, 43
Let b(k) = 2*k**2 + 25*k + 11. Let s be b(-12). Let n be (12 + -8)/(s + 0). List the prime factors of 135 + n + 2/1.
7, 19
Let h = -185 - -185. Let m(i) = 6*i + 742. What are the prime factors of m(h)?
2, 7, 53
Suppose j = -4*z - 2*j + 7231, -2*z = j - 3617. What are the prime factors of z?
2, 5, 181
Suppose -2*y + 5749 = -3*l - 2410, 0 = 5*y - 2*l - 20381. List the prime factors of y.
5, 163
Let c(s) = -60*s + 374. Let z = -544 + 531. List the prime factors of c(z).
2, 577
Suppose 5*a + 4*q - 40 = 0, 2*q + 2 = -8. What are the prime factors of 6813/a - 3/(-12)?
2, 71
Let k(l) be the second derivative of -4*l**3/3 + 40*l**2 + 2*l + 27. List the prime factors of k(-15).
2, 5
Let n(z) = z**2 + 249*z + 2635. What are the prime factors of n(0)?
5, 17, 31
Suppose 0 = 39*r - 525970 - 403361. List the prime factors of r.
3, 13, 47
What are the prime factors of (2132/234)/((-1)/(-1251))?
2, 41, 139
Let y = 79 - 155. Let n = 66 + y. List the prime factors of (36/14)/((n/(-56))/5).
2, 3
Let b(d) = 211*d**2 - 167*d + 164. What are the prime factors of b(-11)?
2, 6883
Suppose 2*x + 18*v = 21*v + 8, 0 = -2*x + 2*v + 10. Suppose 8*y - x*y = 267. What are the prime factors of y?
3, 89
Let x be 3*(-3 + 19/3). Suppose x = -2*r, 2*b + r + 45 = 7*b. Suppose -28 + b = -z. What are the prime factors of z?
2, 5
Let i be 2/(-2)*(5 - 10). Suppose -5 = -5*v + i*g, -2*v + g + 6 = -1. Suppose v*x = 230 + 136. What are the prime factors of x?
61
Let y(u) = 6*u**2 - 34*u - 60. Let c be y(32). Suppose -4*a + c = -5*n, 0 = -5*a + 4*n + 847 + 5407. What are the prime factors of a?
2, 3, 11, 19
Let h = -2625 - -6969. List the prime factors of h.
2, 3, 181
Let m(i) be the second derivative of -i**6/72 - 4*i**5/15 - 31*i**4/12 + 30*i. Let b(y) be the third derivative of m(y). List the prime factors of b(-14).
2, 3
Let b(l) = 38*l + 100. Let d be b(-3). List the prime factors of (1834/d)/(0 - 1/2).
2, 131
Let m be 5 + (-2 - 3)/5. Suppose -m = 3*s - 13. Suppose -x + 3*o + s = -1, 5*o - 84 = -4*x. What are the prime factors of x?
2
Suppose -2 = -5*q + r, -2*r - 10 = 3*r. Let f(s) = s**2 - 20*s - 251. Let t be f(29). Suppose q = -9*m + t*m - 47. List the prime factors of m.
47
Let w = -4990 + 64539. List the prime factors of w.
7, 47, 181
Suppose 33*b = 7*b + 108224 - 3548. List the prime factors of b.
2, 3, 11, 61
Let y = -87 - -132. Let b = y + -35. Suppose -2*u + 26 = 4*c - b, 0 = 5*u. What are the prime factors of c?
3
Let t = 80 - 94. What are the prime factors of ((228/(-9))/(-4))/(t/(-1050))?
5, 19
Let r(s) = s**2 + 5*s - 751. Let z be r(-30). Let v = -6782 + 4520. What are the prime factors of v/(-29) - (0 + (0 - z))?
7, 11
Suppose -52 = -4*q - 9*q. Let b be ((-88)/16 - -7)*q/(-6). What are the prime factors of (b - -2) + (-8 - -223)?
2, 3
Suppose 2*j = f - 52788, -4*f + 211107 = 52*j - 51*j. List the prime factors of f.
2, 11, 2399
Let p(i) = -i**2 + 23*i + 48. Suppose -2*c + 4*r = -14 - 36, 85 = 4*c - 5*r. Suppose -2*o + c = -11. List the prime factors of p(o).
2, 89
Let r = 765 - -28. Let h = 1121 - r. What are the prime factors of h?
2, 41
Let y = -153 - -330. Suppose 3*d = y + 1101. What are the prime factors of d?
2, 3, 71
Let k be 49 - (14 + (-11 - -4)). What are the prime factors of (-10 + (-160)/30)*k*-1?
2, 7, 23
Suppose 5*s = 5*a + 355, 20 = -20*a + 24*a. Suppose 5*f - 29 = -2*x, f - 13 = -0*x - 4*x. Suppose f*m = 3*m + s. List the prime factors of m.
2, 19
Let f = 328 + -321. What are the prime factors of (-158)/(-553) - (-3421)/f?
3, 163
Let r(d) = 8*d**3 - 100*d**2 + 524*d - 7. What are the prime factors of r(5)?
3, 7, 53
Let s(l) = -2*l + 1. Let r be 2 - 7 - (1 + -3). Let a be s(r). Suppose a*w - 6*w - 3 = 0. What are the prime factors of w?
3
Let w = -29 - -43. Let n = w + 34. Suppose -3*u - n = -q - 5*u, -u = 0. What are the prime factors of q?
2, 3
Let d = -386 - -1292. Let q = d - 533. What are the prime factors of q?
373
Suppose 0 = -4*r + p - 3*p + 31644, -4*r - p = -31642. List the prime factors of r.
2, 5, 7, 113
Suppose -55607 = -10*j - 20637. List the prime factors of j.
13, 269
Let q(n) be the first derivative of 3*n**4/4 + n**3 + 7*n**2/2 + 2*n + 11. Let j be q(-6). What are the prime factors of j/15*3/(-2)?
2, 29
Suppose -2*x - g + 40100 = -23797, 3*x = -3*g + 95856. List the prime factors of x.
5, 6389
Let i = 39 - 97. Let a(m) = 2*m**3 - 5*m**2 - m + 11. Let b be a(-2). Let h = b - i. List the prime factors of h.
5, 7
Let p(o) = 278*o + 141. Let r be p(-3). Let q = 1338 + r. List the prime factors of q.
3, 5, 43
Suppose 249766 = -18*p + 582696 + 345940. What are the prime factors of p?
5, 19, 397
Let w(l) = 2*l**2 + 3*l + 34. Suppose 39 = -4*o - 25. What are the prime factors of w(o)?
2, 3, 83
Let x be (0 + (-3)/1)*1/(-1). Suppose x*i - 160 = 5. Suppose -k + i + 10 = 0. List the prime factors of k.
5, 13
Let n(o) = 6*o**2 + 4*o**2 + 55 - o**2 + o**3 - 123. List the prime factors of n(6).
2, 59
Let r(l) = l**3 - 18*l**2 + 4*l - 8. Let i be r(19). Suppose i = -6*b + 1473. List the prime factors of b.
2, 3, 29
Suppose 21*t - 16*t - 154763 = -2*b, -4*t = 6*b - 123784. List the prime factors of t.
5, 41, 151
Suppose 5*v + 852 = 2*v. Let q = v - -520. What are the prime factors of (-3 - -2)/((-2)/q)?
2, 59
Let j be (-18)/8 + (-41)/(-164). Let k(d) = -401*d - 30. What are the prime factors of k(j)?
2, 193
Let d be (6/21 + (-4)/14)/2. Suppose d = j + 2*w - 5*w - 102, w - 94 = -j. Let r = j - -9. List the prime factors of r.
3, 5, 7
Suppose -162*n = -132*n - 79470. List the prime factors of n.
3, 883
Suppose 14560 = 49*x - 45*x. List the prime factors of x.
2, 5, 7, 13
Let o = 1424 + 1888. Suppose 2*l + o = 11*l. List the prime factors of l.
2, 23
Let v(d) = d**3 + 7*d**2 + 12*d - 4. Let k be v(-4). Let s be (-46)/k + (15/(-6))/(-5). Suppose 5*r = 108 + s. What are the prime factors of r?
2, 3
Let j be -4*3/(-36)*78. Let b = j + -24. List the prime factors of (24 - 23) + -62*b/(-2).
3, 7
Suppose -24*b - 39674 + 453329 = 31*b. What are the prime factors of b?
3, 23, 109
Let f = 514 + -512. Suppose -28 = f*y - 66. List the prime factors of y.
19
Let h = 116999 + -58403. What are the prime factors of h?
2, 3, 19, 257
Let d(t) = 2651*t + 1140. What are the prime factors of d(4)?
2, 367
Suppose -243 - 487 = 5*r. Let u = r + 164. What are the prime factors of u/(-12)*1160/(-12)?
5, 29
Let w(h) = 3*h**2 + 4*h + 38. Let f be w(-14). Let t = -226 + f. What are the prime factors of t?
2, 43
Let i(f) = -125*f + 54. Let c be i(-10). Let b be (7 - (-47)/(-7)) + c/(-7). Let t = 432 + b. What are the prime factors of t?
2, 3, 41
Let q(n) = 8*n**2 + 11*n - 372. What are the prime factors of q(16)?
2, 463
Suppose -z - z - 24 = -2*u, -43 = -4*u + 5*z. Let d(h) = 6*h + 53. Let s be d(u). Suppose -s = -4*c - 35. List the prime factors of c.
2, 3, 5
Let p(o) = -6*o + 6. Suppose -232 = 7*y - 15. List the prime factors of p(y).
2, 3
Suppose 0 = 14*z - 9*z. Suppose z = -7*r + 4*r. Suppose f = i + 35, 5*f + r*i - 207 = -3*i. What are the prime factors of f?
3, 13
Let a(i) = i**2 + 8*i - 16. Let q be a(-10). Suppose q*n - 3*p = -19 - 34, 45 = -3*n - 3*p. List the prime factors of (-14)/4*40/n.
2, 5
Let a = -11 - -16. Suppose 0*o + 305 = -a*o. Let i = -9 - o. List the prime factors of i.
2, 13
Let d = -5366 - -15679. List the prime factors of d.
10313
Let r be ((-81736)/(-64) - 5)*8. Suppose 20*s + 517 = r. What are the prime factors of s?
3, 7, 23
Let j(k) be the third derivative of -16*k**4/3 - 43*k**3/2 - 2*k**2 + 91*k. What are the prime factors of j(-5)?
7, 73
Suppose -y + 4*y - 12 = 0, 0 = -3*f + 5*y - 3812. Let v = -570 - f. What are the prime factors of v?
2, 347
Let t be ((-2440)/50)/((-348)/340 + 1). Let m = t - 1163. List the prime factors of m.
911
Let d(a) be the second derivative of 13/2*a**3 - 1/6*a**4 + 0 + 6*a - 21/2*a**2. List the prime factors of d(18).
3, 11
Let s(o) = 180*o**2 - 7*o + 8. List the prime factors of s(6).
2, 11, 